n divisor of 17370 and 1530.
90
What is the highest common divisor of 399 and 21147?
399
What is the greatest common divisor of 153584 and 1624?
232
What is the greatest common divisor of 263893 and 7?
7
What is the highest common factor of 16852 and 132?
44
Calculate the highest common factor of 108 and 420525.
27
Calculate the greatest common divisor of 1782 and 110.
22
What is the greatest common divisor of 8918 and 4116?
686
Calculate the greatest common factor of 10330 and 10.
10
What is the highest common divisor of 65231 and 464572?
1591
What is the greatest common divisor of 799449 and 7?
7
What is the greatest common divisor of 4893 and 189?
21
Calculate the greatest common divisor of 88344 and 162.
54
What is the greatest common divisor of 5760 and 1173888?
1152
What is the greatest common factor of 107 and 1744849?
107
What is the greatest common divisor of 44704 and 64?
32
Calculate the highest common factor of 9607400 and 794.
794
Calculate the greatest common factor of 98990 and 760.
190
Calculate the highest common divisor of 6 and 982182.
6
What is the highest common divisor of 25 and 711050?
25
What is the greatest common divisor of 572 and 5876?
52
Calculate the greatest common factor of 42706 and 2358.
262
What is the highest common factor of 9217 and 208?
13
Calculate the greatest common factor of 105182 and 385.
77
Calculate the greatest common divisor of 3731 and 546.
91
Calculate the greatest common factor of 72884 and 4256.
532
What is the greatest common factor of 20676 and 40?
4
What is the highest common factor of 95999 and 833?
17
Calculate the greatest common divisor of 31 and 14025733.
31
Calculate the greatest common factor of 19807 and 5.
1
What is the highest common divisor of 940632 and 264?
264
Calculate the greatest common divisor of 140 and 24052.
28
Calculate the greatest common factor of 90 and 1133802.
18
Calculate the highest common factor of 36608 and 858.
286
What is the highest common divisor of 10 and 561230?
10
Calculate the greatest common divisor of 130 and 14210.
10
What is the greatest common factor of 17330 and 1100?
10
Calculate the highest common factor of 54440 and 1360.
40
What is the highest common factor of 84 and 22827?
21
Calculate the greatest common factor of 850 and 848350.
50
What is the greatest common divisor of 57591 and 2607?
237
What is the greatest common divisor of 71874 and 946?
22
Calculate the highest common divisor of 63 and 48537.
9
Calculate the greatest common divisor of 11379 and 9.
3
Calculate the greatest common factor of 5038 and 6.
2
Calculate the highest common divisor of 289731 and 442.
221
What is the highest common divisor of 107 and 112457?
107
What is the highest common divisor of 68996 and 1739?
47
Calculate the highest common factor of 235 and 192841.
47
Calculate the highest common factor of 12 and 6144.
12
Calculate the highest common factor of 5400 and 200.
200
What is the greatest common divisor of 3127 and 1431?
53
Calculate the greatest common factor of 8235 and 150525.
135
What is the greatest common factor of 45770 and 920?
230
What is the highest common factor of 42 and 2170?
14
Calculate the highest common divisor of 10 and 2005.
5
Calculate the highest common factor of 5052 and 1212.
12
Calculate the greatest common divisor of 42185 and 21190.
65
Calculate the greatest common divisor of 62 and 123566.
62
Calculate the greatest common factor of 11256 and 5376.
168
Calculate the highest common factor of 6162957 and 9.
9
Calculate the greatest common factor of 14231 and 817.
19
What is the greatest common factor of 259644 and 924?
924
Calculate the greatest common factor of 3278 and 33674.
298
Calculate the greatest common factor of 10326 and 8490.
6
What is the highest common divisor of 165708 and 108?
36
Calculate the greatest common divisor of 67270 and 630.
70
Calculate the greatest common divisor of 691600 and 38.
38
What is the greatest common factor of 22713 and 3618?
201
Calculate the greatest common divisor of 54 and 13292316.
54
What is the highest common divisor of 27 and 22851?
9
Calculate the highest common factor of 246 and 33150.
6
Calculate the greatest common factor of 1740 and 2054940.
1740
What is the highest common factor of 254976 and 1743?
249
What is the greatest common divisor of 1090712 and 40?
8
Calculate the greatest common factor of 73 and 2509813.
73
Calculate the greatest common divisor of 145559 and 517.
47
What is the highest common factor of 501925 and 425?
425
Calculate the greatest common factor of 540 and 2740.
20
What is the greatest common factor of 19554 and 42?
6
What is the greatest common divisor of 25389 and 3978?
117
What is the greatest common divisor of 209208 and 6900?
276
What is the highest common divisor of 1736 and 42728?
56
Calculate the greatest common factor of 600 and 2031.
3
What is the highest common divisor of 1204 and 197972?
172
What is the greatest common factor of 2128 and 11932?
76
What is the highest common factor of 806 and 13078?
26
What is the greatest common factor of 31605 and 102125?
215
Calculate the highest common factor of 20 and 456340.
20
Calculate the greatest common factor of 1585 and 120.
5
What is the greatest common divisor of 6304 and 71648?
32
Calculate the greatest common divisor of 3225085 and 155.
155
What is the highest common divisor of 90 and 2445?
15
What is the greatest common divisor of 5202 and 288?
18
Calculate the highest common factor of 564189 and 2928.
183
Calculate the highest common divisor of 189451 and 276.
23
Calculate the greatest common factor of 3 and 144237.
3
What is the highest common divisor of 12 and 1247508?
12
Calculate the greatest common divisor of 2291 and 21257.
29
Calculate the highest common factor of 35885 and 45.
5
What is the highest common factor of 349 and 12325633?
349
Calculate the highest common divisor of 126 and 168.
42
What is the highest common divisor of 13454 and 174034?
434
What is the greatest common divisor of 37787 and 58?
29
What is the greatest common factor of 26080 and 1056?
32
What is the greatest common divisor of 4035 and 4785?
15
Calculate the greatest common factor of 155 and 121427.
31
What is the highest common factor of 56 and 37?
1
What is the greatest common divisor of 28287 and 130659?
1347
What is the greatest common divisor of 1 and 77526?
1
What is the highest common divisor of 99152 and 1840?
16
Calculate the greatest common divisor of 990 and 291786.
66
What is the greatest common divisor of 361 and 779?
19
Calculate the greatest common factor of 23296 and 1344.
448
Calculate the highest common factor of 216 and 11112.
24
What is the highest common factor of 69 and 629763?
69
Calculate the greatest common factor of 97227 and 1404.
351
What is the greatest common divisor of 16687 and 7216?
451
What is the greatest common factor of 50 and 31600?
50
What is the greatest common divisor of 44 and 1111?
11
What is the greatest common divisor of 1375 and 6633?
11
Calculate the highest common factor of 3649 and 2501.
41
What is the highest common divisor of 929994 and 78?
78
Calculate the highest common factor of 938 and 8.
2
What is the highest common divisor of 331448 and 104?
104
What is the greatest common factor of 1343 and 4661?
79
What is the highest common factor of 272340 and 5100?
1020
Calculate the highest common factor of 2438304 and 3696.
528
What is the greatest common factor of 124 and 12803?
31
Calculate the highest common divisor of 410 and 6806.
82
What is the highest common divisor of 1065 and 1059?
3
Calculate the greatest common factor of 80 and 7184.
16
What is the highest common divisor of 5599 and 24365?
11
Calculate the greatest common divisor of 85088 and 32.
32
Calculate the greatest common divisor of 47 and 44039.
47
Calculate the greatest common divisor of 906 and 47316.
6
What is the greatest common divisor of 1665 and 175380?
555
What is the highest common divisor of 8379 and 1071?
63
Calculate the greatest common divisor of 3664 and 712.
8
Calculate the greatest common divisor of 351 and 270.
27
What is the greatest common divisor of 476 and 4403?
119
What is the greatest common factor of 1599 and 273?
39
Calculate the greatest common divisor of 6901 and 6030.
67
Wh